(10) is divided by (34/(-6))/(2/(-12)).
29
Let z = -22 + 42. Let s = -222 - -461. Suppose h + 2 = 0, h + 10 = -3*l + s. Calculate the remainder when l is divided by z.
17
Suppose -883 - 170 = -9*z. What is the remainder when z is divided by 16?
5
Suppose 2*y - 58 = 2. Let i = 51 - y. Suppose 30 = 3*d - i. What is the remainder when 64 is divided by d?
13
Suppose -16 = -v - 0*v - 3*l, v + 5*l = 18. Let b(y) = y**3 + 7*y**2 + 5*y - 6. Let i be b(-7). Let n = -3 - i. Calculate the remainder when n is divided by v.
12
Calculate the remainder when 111 + (8 - 4 - -2) is divided by 62.
55
Let z(h) = 13*h + 50. Let a(f) = -20*f - 75. Let u(t) = 5*a(t) + 7*z(t). Calculate the remainder when u(-3) is divided by 1.
0
Let s(o) = o**3 - 10*o**2 - 2*o - 31. What is the remainder when 268 is divided by s(11)?
64
Suppose y + 141 = 2*y. Suppose -2*l - 5*s = -202 - y, 0 = -l - 3*s + 172. What is the remainder when l is divided by 34?
33
Suppose v + 5*s + 34 = -3*v, -v = 3*s + 12. Calculate the remainder when 17 is divided by 1*4/v*(-12 - 3).
7
Let i be 65/26*12/5. Suppose 9*g = i*g + 195. What is the remainder when g is divided by 17?
14
Suppose 0 = -2*v - 4*i + 48, v - 6*i + i = -4. Let y = -39 - -44. Suppose 2*f + 0*f - 15 = r, -4*f = -y*r - 21. Calculate the remainder when v is divided by f.
7
Calculate the remainder when 214 is divided by (-9 + 7)/2 + 23.
16
Suppose m + 54 = g - 22, -3*m + 177 = 2*g. Calculate the remainder when g is divided by 52.
29
What is the remainder when 13 - (-12 - (-7 - 11)) is divided by 26/8 + (-1)/4?
1
Let w = 103 - 39. Let j = w - 61. Calculate the remainder when 7 is divided by j.
1
Suppose -19*c + 271 = 81. Calculate the remainder when 36/2 - (0 - 0) is divided by c.
8
Let d(v) = 32*v**2 + 3*v - 1. Suppose -i + 28 = 3*i. What is the remainder when d(1) is divided by i?
6
Let x be ((6/(-4))/(-1))/((-3)/(-4)). Calculate the remainder when 146 is divided by -1 - (-78)/x - (8 - 7).
35
Suppose -b = 2*b + 4*z - 71, -3*z - 99 = -5*b. Let u(n) = -2*n**2 + 29*n - 21. Calculate the remainder when u(12) is divided by b.
18
Let w(f) = 2*f + 16*f**2 - 5*f - 6*f + 21 - 6*f - f**3. What is the remainder when w(15) is divided by 8?
5
Suppose 312 = v + v. Suppose 76 = 5*l + 4*f, 4*l - 62 = 18*f - 20*f. Calculate the remainder when v is divided by l.
12
Suppose -15*u + 219 = -936. Calculate the remainder when 98 is divided by u.
21
Suppose -1401 = -4*v + 939. Calculate the remainder when 36 is divided by (v/(-30))/(3/(-2)).
10
Suppose 0 = -m + 3*k - 5, 3*m + 4*k + 10 = 6*m. Let l be -7 + (1 + -2 - -1). What is the remainder when m is divided by l/(-2) + (-2)/4?
1
Suppose -x = -2*r + 629, -5*r - x = -3*x - 1571. What is the remainder when r is divided by 103?
4
Let v be (0*1/(-3))/1. Suppose 0 = t - j - 2 - 3, -2*t - 2*j + 10 = v. What is the remainder when 24 is divided by t?
4
Suppose 3*m + 0*m = c - 54, 0 = 2*c + 4*m - 68. What is the remainder when c is divided by 15?
12
Suppose 4*g + 62 - 198 = 0. Let r = -273 + 275. Calculate the remainder when 33 is divided by (g/(-4))/(r/(-4)).
16
Suppose -9*d = -11*d - 4*q + 194, -4*d + 352 = -q. What is the remainder when d is divided by 15?
14
Suppose -4*u = -8*u + 44. Suppose u + 104 = 5*l. Calculate the remainder when l is divided by 6.
5
Suppose -1 - 1 = 2*h. Let t = 95 + h. Suppose 3*o - o - 162 = -4*k, t = 3*k - 4*o. What is the remainder when k is divided by 10?
8
Suppose 0 = 4*x + 5*n - 103, -18*n + 29 = x - 20*n. Calculate the remainder when 156 is divided by x.
21
Let h = 23 + -20. Suppose -7*c + h*c = -60. Suppose 3*s + 2*x = 45, -5*x = s - 0*s - c. What is the remainder when s is divided by 8?
7
Let l(a) = a**2 + 6*a - 1. Suppose -63 = -3*u - 21. Let r be (-4)/u - 61/7. What is the remainder when l(r) is divided by 7?
5
Let s(l) = l**3 - 25*l**2 + 26*l + 13. Calculate the remainder when s(24) is divided by 28.
5
Let t be (-2 - (-6)/(-4))*-82. Suppose p = 3*x + 169, -5*x + p - t = -2*p. Let d = x - -82. Calculate the remainder when 107 is divided by d.
26
Suppose q + 240 = 6*q - 5*u, -197 = -4*q + 3*u. What is the remainder when 128 is divided by q?
22
Suppose -35*c + 47*c - 348 = 0. What is the remainder when c is divided by 15?
14
Let x(b) be the third derivative of b**5/20 + b**4/12 + b**3/2 - b**2 + 112*b. Suppose -3*a + 12 = a. What is the remainder when 141 is divided by x(a)?
33
Let k(x) = -2*x**3 + 97*x**2 + 51*x + 46. What is the remainder when k(49) is divided by 36?
0
Suppose 5*t = 3*t + 3*t. Let j(o) = -2*o + 52. Calculate the remainder when j(t) is divided by (-40)/(-2) - (-4)/(-2).
16
Suppose 2*h = -4*i + 15 - 1, 0 = 3*i. Calculate the remainder when 173 is divided by h.
5
Suppose -5*s - 6 = -26 - 145. Suppose -m + 0*r = -r - 7, 4*m + 2*r - 58 = 0. Calculate the remainder when s is divided by m/(-1)*(-2)/2.
9
Suppose 0 = -6*g + g + 15. Suppose g*w = 5*u - 46, 0*w = 3*u - 2*w - 27. Suppose 0 = 2*h - 81 + u. What is the remainder when h is divided by 18?
17
Suppose 8*a = 5*a + 402. What is the remainder when a is divided by 47?
40
Let l = -37 + 10. Let y = l + 62. What is the remainder when y is divided by 12?
11
Let s = -503 + 563. What is the remainder when s is divided by 34?
26
Let v(a) = a**3 + 7*a**2 - 3*a - 4. Let b be v(-5). Let s = 50 + -85. Let d = b + s. What is the remainder when d is divided by 14?
12
Suppose 0*t + 2*t = 28. Suppose 197 = -5*f - 68. Let h = 1 - f. What is the remainder when h is divided by t?
12
Let f(o) = 2*o**3 - o**2 + 2*o - 4. Calculate the remainder when 118 is divided by f(3).
24
Let o be (-8)/6*(-27)/(-6). Let m(p) = p**3 + 7*p**2 + 6*p + 7. Let a(z) = 19*z - 43. Calculate the remainder when a(4) is divided by m(o).
5
Let h = -180 - -203. Calculate the remainder when 68 is divided by h.
22
Let o = -735 + 779. What is the remainder when 54 is divided by o?
10
Let d(t) be the third derivative of -t**6/120 + t**5/4 + 5*t**4/12 + t**3/6 + 18*t**2. Calculate the remainder when d(15) is divided by 22.
19
Suppose 0*m - 64 = -4*m. Let i(n) = 1 + m*n**2 - 93*n**3 - 5*n**2 + 2*n - 9*n**2. Calculate the remainder when i(-1) is divided by 32.
30
Let u = 927 - 715. What is the remainder when u is divided by 43?
40
Suppose -219 - 1413 = -17*i. What is the remainder when 98 is divided by i?
2
What is the remainder when 88 is divided by -7*5*((-60)/14 - -4)?
8
Let k = 25 - 11. Suppose -h + f = -k, 0 = -h - 5*f + 3*f + 8. Suppose 4*x - 5 - 23 = 0. What is the remainder when h is divided by x?
5
Suppose 0 = 115*u - 134*u + 2128. Calculate the remainder when u is divided by 39.
34
Suppose 3*s = -0 + 9. Suppose 65 = 5*k + 5*b, 2*b = -s*k - 2*b + 40. Let f(u) = -u + 1. What is the remainder when k is divided by f(-6)?
5
What is the remainder when 149 + (9 - 5 - -3) is divided by 32?
28
Suppose -3 - 92 = -5*l + 5*i, -5*i - 61 = -3*l. Let f = 267 + -263. What is the remainder when l is divided by f?
1
Let h be ((-664)/16 + 5)/(2/(-4)). Suppose -3*i + 5 = -h. What is the remainder when i is divided by 10?
6
Let m(z) = -z**2 - 35*z - 219. Suppose -5*l + 0 + 20 = 0. Suppose 2*q + l*c = -0*c + 8, -3*c = 2*q - 8. Calculate the remainder when m(-26) is divided by q.
3
Suppose i - 19 = 3*s + 15, -4*i = 2*s - 122. What is the remainder when 123 is divided by i?
30
Suppose 0 = 3*i - 5*p + 13, -19 = -i - 0*p - 3*p. Suppose 0*s = s + 3*x - 176, 0 = -i*s - 3*x + 668. Calculate the remainder when s is divided by 33.
32
Let y(x) = x**3 + 5*x**2 - 22*x + 16. What is the remainder when y(-7) is divided by 19?
15
Let h(a) = 14*a**3 + 1. Let m be (2/6)/(19/57). What is the remainder when 73 is divided by h(m)?
13
Let y be 12/(-54) + (-58)/(-18). Let j(g) = -9*g - 2 + g + g**y + 6*g - 5*g**2. What is the remainder when j(6) is divided by 12?
10
Calculate the remainder when 108 is divided by (-147)/14*(-48)/18.
24
Suppose 0 = 13*i - 15*i - 4, 0 = -4*y + 4*i + 168. What is the remainder when 88 is divided by y?
8
Let i(z) = z**3 - 24*z**2 - 51*z - 6. What is the remainder when (8 - -1)/(3/26) is divided by i(26)?
18
Suppose 3*l - 101 + 11 = 0. Calculate the remainder when 153 is divided by l.
3
Let u = -2 + 2. Suppose -308 = -5*y - a + 2*a, -3*y + 2*a + 182 = u. Suppose 0 = 4*x - y - 6. Calculate the remainder when 31 is divided by x.
14
Let p(h) = -h**2 - 8*h - 6. Let x be p(-6).